{"id":1580,"date":"2019-05-17T08:56:33","date_gmt":"2019-05-17T06:56:33","guid":{"rendered":"https:\/\/socjografka.pl\/sklep\/?post_type=product&#038;p=1580"},"modified":"2021-04-12T12:46:27","modified_gmt":"2021-04-12T10:46:27","slug":"projekt-slajdu-powerpoint","status":"publish","type":"product","link":"https:\/\/socjografka.pl\/sklep\/produkt\/projekt-slajdu-powerpoint\/","title":{"rendered":"Spersonalizowany projekt slajd\u00f3w PowerPoint"},"content":{"rendered":"<h2>Indywidualny projekt slajdu PowerPoint (minimalne zam\u00f3wienie 12 slajd\u00f3w)<\/h2>\n<p>Brakuje Ci wiedzy w zakresie tworzenia slajd\u00f3w? Szykujesz si\u0119 na wa\u017cne wyst\u0105pienie, chcesz zrobi\u0107 dobre wra\u017cenie i nie wiesz jak przygotowa\u0107 prezencj\u0119? Czujesz, \u017ce Twoja prezentacja PowerPoint mog\u0142aby by\u0107 lepsza, ale nie masz pomys\u0142u albo wiedzy na to co zrobi\u0107, by materia\u0142 sta\u0142 si\u0119 w pe\u0142ni profesjonalny? Podoba Ci si\u0119 styl moich materia\u0142\u00f3w i chcesz wiedzie\u0107 co zrobi\u0107, aby tworzy\u0107 podobne slajdy? Zam\u00f3w spersonalizowane slajdy szyte na wymiar.<\/p>\n<p>Pierwszy etap to wyb\u00f3r szablonu i kolorystyki.<strong> Trwa od 4-6 dni (do potwierdzenia przed dokonaniem zakupu w sklepie on-line)<\/strong>. Aby przy\u015bpieszy\u0107 prace, mo\u017cesz podes\u0142a\u0107 przyk\u0142adowe elementy graficzne, prezentacje, zdj\u0119cia, kt\u00f3re si\u0119 Tobie podobaj\u0105 (poczucie estetyki jest mocno subiektywn\u0105 kwesti\u0105). Je\u015bli wolisz mog\u0119 zaproponowa\u0107 styl prezentacji oraz podes\u0142a\u0107 inspiracje, kt\u00f3re wed\u0142ug mojej oceny w odpowiedni spos\u00f3b wyeksponuj\u0105 Tw\u00f3j materia\u0142. Po pierwszym etapie\u00a0<strong>otrzymasz pr\u00f3bki materia\u0142u<\/strong>. Na przyk\u0142adzie kilku slajd\u00f3w poka\u017c\u0119 jak prezentuje si\u0119 Tw\u00f3j materia\u0142 w r\u00f3\u017cnych wersjach wizualnych. Je\u015bli zaakceptujesz kt\u00f3r\u0105\u015b z pr\u00f3bek, zaprojektuj\u0119 pozosta\u0142e slajdy. W cenie otrzymujesz <strong>2 tury poprawek<\/strong>.<\/p>\n<p>Minimalne jednorazowe zam\u00f3wienie to <strong>12 slajd\u00f3w. <\/strong>Kolejne slajdy wyceniam indywidualnie.<\/p>\n<h3>W ramach us\u0142ugi otrzymasz:<\/h3>\n<ol>\n<li>W pe\u0142ni edytowalny szablon PowerPoint z wektorowymi elementami<\/li>\n<li>Nowoczesne, spersonalizowane, \u0142atwe w edycji slajdy wzorcowe<\/li>\n<li>Dedykowane, edytowalne ikony wektorowe, pasuj\u0105ce stylem do slajd\u00f3w<\/li>\n<li>Dob\u00f3r atrakcyjnej palety kolor\u00f3w, sp\u00f3jnej z Twoim logo i mark\u0105<\/li>\n<li>Wsparcie w wyborze bezp\u0142atnych zdj\u0119\u0107 oraz grafik<\/li>\n<li>Szybki czas realizacji oraz wysok\u0105 jako\u015b\u0107<\/li>\n<li>Faktur\u0119 VAT<\/li>\n<\/ol>\n<h3 style=\"text-align: center;\">Inne us\u0142ugi zwi\u0105zane z PowerPoint<\/h3>\n<p style=\"text-align: center;\">Sztuka tworzenia prezentacji to co\u015b wi\u0119cej ni\u017c przygotowanie pojedynczych slajd\u00f3w. Bardzo wa\u017cne jest dopilnowanie, aby przygotowany materia\u0142 by\u0142 sp\u00f3jny merytorycznie i stylistycznie. Mog\u0119 Ci w tym pom\u00f3c \u2013 <strong><a href=\"https:\/\/www.socjografka.pl\/zamow-biznesowa-prezentacje-powerpoint\/\" target=\"_blank\" rel=\"noopener noreferrer\">zam\u00f3w u mnie spersonalizowan\u0105 prezentacj\u0119 PowerPoint<\/a><\/strong> i nie martw si\u0119 o ko\u0144cowy efekt. Masz ju\u017c szablon i nie wiesz jak go edytowa\u0107 &#8211; <strong><a href=\"https:\/\/socjografka.pl\/sklep\/produkt\/jak-tworzyc-prezentacje-powerpoint\/\" target=\"_blank\" rel=\"noopener noreferrer\">sprawd\u017a mojego autorskiego e-booka<\/a><\/strong>, gdzie krok po kroku dziel\u0119 si\u0119 wiedz\u0105 jak tworzy\u0107 nowoczesne i profesjonalne prezentacje. Nie masz cierpliwo\u015bci do samodzielnej nauki? <a href=\"https:\/\/socjografka.pl\/sklep\/produkt\/konsultacja-powerpoint\/\" target=\"_blank\" rel=\"noopener noreferrer\"><strong>Zapro\u015b mnie na szkolenie PowerPoint w formie online<\/strong><\/a>, podczas kt\u00f3rego zdradz\u0119 Ci jak szybko projektowa\u0107 pi\u0119kne i skuteczne slajdy.<\/p>\n<div class=\"row\"  id=\"row-504248052\">\n\n\t<div id=\"col-789107281\" class=\"col medium-4 small-12 large-4\"  >\n\t\t\t\t<div class=\"col-inner\"  >\n\t\t\t\n\t\t\t\n\t<div class=\"img has-hover x md-x lg-x y md-y lg-y\" id=\"image_469327955\">\n\t\t\t\t\t\t\t\t<div class=\"img-inner dark\" >\n\t\t\t<img loading=\"lazy\" decoding=\"async\" width=\"1020\" height=\"1020\" src=\"https:\/\/socjografka.pl\/sklep\/wp-content\/uploads\/2018\/11\/Czarno-bia\u0142a-prezentacja-powerpoint-3-1024x1024.jpg\" class=\"attachment-large size-large\" alt=\"Czarno-bia\u0142y wz\u00f3r prezentacji powerpoint\" srcset=\"https:\/\/socjografka.pl\/sklep\/wp-content\/uploads\/2018\/11\/Czarno-bia\u0142a-prezentacja-powerpoint-3-1024x1024.jpg 1024w, https:\/\/socjografka.pl\/sklep\/wp-content\/uploads\/2018\/11\/Czarno-bia\u0142a-prezentacja-powerpoint-3-300x300.jpg 300w, https:\/\/socjografka.pl\/sklep\/wp-content\/uploads\/2018\/11\/Czarno-bia\u0142a-prezentacja-powerpoint-3-100x100.jpg 100w, https:\/\/socjografka.pl\/sklep\/wp-content\/uploads\/2018\/11\/Czarno-bia\u0142a-prezentacja-powerpoint-3-600x600.jpg 600w, https:\/\/socjografka.pl\/sklep\/wp-content\/uploads\/2018\/11\/Czarno-bia\u0142a-prezentacja-powerpoint-3-150x150.jpg 150w, https:\/\/socjografka.pl\/sklep\/wp-content\/uploads\/2018\/11\/Czarno-bia\u0142a-prezentacja-powerpoint-3-768x768.jpg 768w, https:\/\/socjografka.pl\/sklep\/wp-content\/uploads\/2018\/11\/Czarno-bia\u0142a-prezentacja-powerpoint-3.jpg 1500w\" sizes=\"auto, (max-width: 1020px) 100vw, 1020px\" \/>\t\t\t\t\t\t\n\t\t\t\t\t<\/div>\n\t\t\t\t\t\t\t\t\n<style>\n#image_469327955 {\n  width: 100%;\n}\n<\/style>\n\t<\/div>\n\t\n\t\t<\/div>\n\t\t\t\t\t<\/div>\n\n\t\n\n\t<div id=\"col-111644979\" class=\"col medium-4 small-12 large-4\"  >\n\t\t\t\t<div class=\"col-inner\"  >\n\t\t\t\n\t\t\t\n\t<div class=\"img has-hover x md-x lg-x y md-y lg-y\" id=\"image_1639933793\">\n\t\t\t\t\t\t\t\t<div class=\"img-inner dark\" >\n\t\t\t<img loading=\"lazy\" decoding=\"async\" width=\"1020\" height=\"1020\" src=\"https:\/\/socjografka.pl\/sklep\/wp-content\/uploads\/2018\/09\/modny-wzor-prezentacji-motywy-roslinne-1-1024x1024.jpg\" class=\"attachment-large size-large\" alt=\"Nowoczesna prezentacja powerpoint prosta w edycji\" srcset=\"https:\/\/socjografka.pl\/sklep\/wp-content\/uploads\/2018\/09\/modny-wzor-prezentacji-motywy-roslinne-1-1024x1024.jpg 1024w, https:\/\/socjografka.pl\/sklep\/wp-content\/uploads\/2018\/09\/modny-wzor-prezentacji-motywy-roslinne-1-300x300.jpg 300w, https:\/\/socjografka.pl\/sklep\/wp-content\/uploads\/2018\/09\/modny-wzor-prezentacji-motywy-roslinne-1-100x100.jpg 100w, https:\/\/socjografka.pl\/sklep\/wp-content\/uploads\/2018\/09\/modny-wzor-prezentacji-motywy-roslinne-1-600x600.jpg 600w, https:\/\/socjografka.pl\/sklep\/wp-content\/uploads\/2018\/09\/modny-wzor-prezentacji-motywy-roslinne-1-150x150.jpg 150w, https:\/\/socjografka.pl\/sklep\/wp-content\/uploads\/2018\/09\/modny-wzor-prezentacji-motywy-roslinne-1-768x768.jpg 768w, https:\/\/socjografka.pl\/sklep\/wp-content\/uploads\/2018\/09\/modny-wzor-prezentacji-motywy-roslinne-1.jpg 1500w\" sizes=\"auto, (max-width: 1020px) 100vw, 1020px\" \/>\t\t\t\t\t\t\n\t\t\t\t\t<\/div>\n\t\t\t\t\t\t\t\t\n<style>\n#image_1639933793 {\n  width: 100%;\n}\n<\/style>\n\t<\/div>\n\t\n\t\t<\/div>\n\t\t\t\t\t<\/div>\n\n\t\n\n\t<div id=\"col-1867351680\" class=\"col medium-4 small-12 large-4\"  >\n\t\t\t\t<div class=\"col-inner\"  >\n\t\t\t\n\t\t\t\n\t<div class=\"img has-hover x md-x lg-x y md-y lg-y\" id=\"image_855396614\">\n\t\t\t\t\t\t\t\t<div class=\"img-inner dark\" >\n\t\t\t<img loading=\"lazy\" decoding=\"async\" width=\"1020\" height=\"1020\" src=\"https:\/\/socjografka.pl\/sklep\/wp-content\/uploads\/2018\/10\/Elegancka-prezentacja-powerpoint-wzor-prezentacji-4-1024x1024.jpg\" class=\"attachment-large size-large\" alt=\"Elegancka prezentacja powerpoint granat i czerwie\u0144\" srcset=\"https:\/\/socjografka.pl\/sklep\/wp-content\/uploads\/2018\/10\/Elegancka-prezentacja-powerpoint-wzor-prezentacji-4-1024x1024.jpg 1024w, https:\/\/socjografka.pl\/sklep\/wp-content\/uploads\/2018\/10\/Elegancka-prezentacja-powerpoint-wzor-prezentacji-4-300x300.jpg 300w, https:\/\/socjografka.pl\/sklep\/wp-content\/uploads\/2018\/10\/Elegancka-prezentacja-powerpoint-wzor-prezentacji-4-100x100.jpg 100w, https:\/\/socjografka.pl\/sklep\/wp-content\/uploads\/2018\/10\/Elegancka-prezentacja-powerpoint-wzor-prezentacji-4-600x600.jpg 600w, https:\/\/socjografka.pl\/sklep\/wp-content\/uploads\/2018\/10\/Elegancka-prezentacja-powerpoint-wzor-prezentacji-4-150x150.jpg 150w, https:\/\/socjografka.pl\/sklep\/wp-content\/uploads\/2018\/10\/Elegancka-prezentacja-powerpoint-wzor-prezentacji-4-768x768.jpg 768w, https:\/\/socjografka.pl\/sklep\/wp-content\/uploads\/2018\/10\/Elegancka-prezentacja-powerpoint-wzor-prezentacji-4.jpg 1500w\" sizes=\"auto, (max-width: 1020px) 100vw, 1020px\" \/>\t\t\t\t\t\t\n\t\t\t\t\t<\/div>\n\t\t\t\t\t\t\t\t\n<style>\n#image_855396614 {\n  width: 100%;\n}\n<\/style>\n\t<\/div>\n\t\n\t\t<\/div>\n\t\t\t\t\t<\/div>\n\n\t\n<\/div>\n<div class=\"row\"  id=\"row-14221535\">\n\n\t<div id=\"col-1009199088\" class=\"col medium-9 small-12 large-9\"  >\n\t\t\t\t<div class=\"col-inner text-left\"  >\n\t\t\t\n\t\t\t\n<h3 class=\"accordion_title\">NAJCZ\u0118\u015aCIEJ ZADAWANE PYTANIA:<\/h3><div class=\"accordion\">\n\t<div id=\"accordion-1921155433\" class=\"accordion-item\">\n\t\t<a id=\"accordion-1921155433-label\" class=\"accordion-title plain\" href=\"#accordion-item-czemu-warto-mi-zaufa\u0107?\" aria-expanded=\"false\" aria-controls=\"accordion-1921155433-content\">\n\t\t\t<button class=\"toggle\" aria-label=\"Prze\u0142\u0105cznik\"><i class=\"icon-angle-down\" aria-hidden=\"true\"><\/i><\/button>\n\t\t\t<span>Czemu warto mi zaufa\u0107?<\/span>\n\t\t<\/a>\n\t\t<div id=\"accordion-1921155433-content\" class=\"accordion-inner\" aria-labelledby=\"accordion-1921155433-label\">\n\t\t\t\n<p><span style=\"background-color: #ffffff;\">Do\u015bwiadczenie zdobywa\u0142am w mi\u0119dzynarodowych instytucjach, pracuj\u0105c bezpo\u015brednio z cz\u0142onkami zarz\u0105d\u00f3w i wy\u017csz\u0105 kadr\u0105 menad\u017cersk\u0105. Przez kilkana\u015bcie lat projektowa\u0142am dziesi\u0105tki materia\u0142\u00f3w graficznych i prezentacji. To pozwoli\u0142o mi na zdobycie praktycznej wiedzy dotycz\u0105cej projektowania materia\u0142\u00f3w i prezentacji, kt\u00f3re skutecznie wspieraj\u0105 biznes.\u00a0Projektuj\u0119 zar\u00f3wno dla globalnych marek, jaki i dla os\u00f3b indywidualnych. Do tej pory mia\u0142am przyjemno\u015b\u0107 wsp\u00f3\u0142pracowa\u0107 m.in. z firmami z bran\u017cy modowej (np. Reserved), finansowej (np. DNB Nord, AXA, TU Europa), FMCG (np. Carlsberg), motoryzacyjnej oraz dla instytucji publicznych i o\u015bwiatowych.\u00a0<\/span><\/p>\n<p>Poza udokumentowanym <a href=\"https:\/\/socjografka.myportfolio.com\/\" target=\"_blank\" rel=\"noopener noreferrer\">portfolio<\/a> i wieloletnim sta\u017cem w bran\u017cy, mam za sob\u0105 solidne wykszta\u0142cenie kierunkowe \u2013 posiadam dyplomy uko\u0144czenia studi\u00f3w na filologii polskiej (specjalizacja komunikacja do medi\u00f3w) na UW oraz Grafiki komputerowej na WIT pod auspicjami PAN. Prowadz\u0119 r\u00f3wnie\u017c popularnego <strong><a href=\"https:\/\/www.socjografka.pl\/blog\/\">bloga eksperckiego<\/a><\/strong>, po\u015bwi\u0119conego m. in. tematyce projektowania prezentacji.<\/p>\n\t\t<\/div>\n\t<\/div>\n\t\n\t<div id=\"accordion-2171589141\" class=\"accordion-item\">\n\t\t<a id=\"accordion-2171589141-label\" class=\"accordion-title plain\" href=\"#accordion-item-czy-otrzymam-fakur\u0119-vat?\" aria-expanded=\"false\" aria-controls=\"accordion-2171589141-content\">\n\t\t\t<button class=\"toggle\" aria-label=\"Prze\u0142\u0105cznik\"><i class=\"icon-angle-down\" aria-hidden=\"true\"><\/i><\/button>\n\t\t\t<span>Czy otrzymam fakur\u0119 Vat?<\/span>\n\t\t<\/a>\n\t\t<div id=\"accordion-2171589141-content\" class=\"accordion-inner\" aria-labelledby=\"accordion-2171589141-label\">\n\t\t\t\n<p>Po ka\u017cdej konsultacji wystawiam faktur\u0119 Vat na dane kt\u00f3re otrzymam w procesie zakupowym.<\/p>\n\t\t<\/div>\n\t<\/div>\n\t\n<\/div>\n\t\t<\/div>\n\t\t\t\t\n<style>\n#col-1009199088 > .col-inner {\n  padding: 0px 0px 0px 0px;\n  margin: 0px 0px 0px 28px;\n}\n<\/style>\n\t<\/div>\n\n\t\n\n\t<div id=\"col-1680295529\" class=\"col medium-3 small-12 large-3\"  >\n\t\t\t\t<div class=\"col-inner\"  >\n\t\t\t\n\t\t\t\n\t\t<\/div>\n\t\t\t\t\t<\/div>\n\n\t\n\n<style>\n#row-14221535 > .col > .col-inner {\n  padding: 0px 0px 0px 0px;\n}\n<\/style>\n<\/div>\n<div class=\"row\"  id=\"row-1724592666\">\n\n\t<div id=\"col-82380702\" class=\"col medium-9 small-12 large-9\"  >\n\t\t\t\t<div class=\"col-inner\"  >\n\t\t\t\n\t\t\t\n<a href=\"https:\/\/www.socjografka.pl\/o-mnie\/\" target=\"_blank\" class=\"button primary is-outline is-small expand\" rel=\"noopener\" >\n\t<i class=\"icon-plus\" aria-hidden=\"true\"><\/i>\t<span>Wi\u0119cej informacji na m\u00f3j temat<\/span>\n\t<\/a>\n\n\t\t<\/div>\n\t\t\t\t\n<style>\n#col-82380702 > .col-inner {\n  margin: 0px 0px 0px 28px;\n}\n<\/style>\n\t<\/div>\n\n\t\n<\/div>\n","protected":false},"excerpt":{"rendered":"<p>Zam\u00f3w gotow\u0105, spersonalizowan\u0105 prezentacj\u0119 PowerPoint i nie martw si\u0119 o ko\u0144cowy efekt. Minimalne jednorazowe zam\u00f3wienie to 12 slajd\u00f3w. Format pdf + pptx, czyli otrzymasz w pe\u0142ni edytowalne slajdy w indywidualnym stylu.<\/p>\n","protected":false},"featured_media":2039,"comment_status":"closed","ping_status":"closed","template":"","meta":{"_acf_changed":false,"_exactmetrics_skip_tracking":false,"_exactmetrics_sitenote_active":false,"_exactmetrics_sitenote_note":"","_exactmetrics_sitenote_category":0},"product_brand":[],"product_cat":[42,68],"product_tag":[64,56,65],"class_list":{"0":"post-1580","1":"product","2":"type-product","3":"status-publish","4":"has-post-thumbnail","6":"product_cat-szablony-powerpoint","7":"product_cat-usluga","8":"product_tag-nowoczesne-prezentacje","9":"product_tag-powerpoint","10":"product_tag-prezentacje-biznesowe","12":"first","13":"instock","14":"featured","15":"downloadable","16":"virtual","17":"taxable","18":"purchasable","19":"product-type-simple"},"acf":[],"yoast_head":"<!-- This site is optimized with the Yoast SEO plugin v27.1.1 - https:\/\/yoast.com\/product\/yoast-seo-wordpress\/ -->\n<title>Projekt slajdu PowerPoint - zam\u00f3w profesjonaln\u0105 prezentacj\u0119<\/title>\n<meta name=\"description\" content=\"Projekt jednego slajdu PowerPoint to idealne rozwi\u0105zanie gdy chcesz, by Twoja prezentacja wy\u0142a wysokiej jako\u015bci. Zam\u00f3w profesjonalne slajdy\" \/>\n<meta name=\"robots\" content=\"index, follow, max-snippet:-1, max-image-preview:large, max-video-preview:-1\" \/>\n<link rel=\"canonical\" href=\"https:\/\/socjografka.pl\/sklep\/produkt\/projekt-slajdu-powerpoint\/\" \/>\n<meta property=\"og:locale\" content=\"pl_PL\" \/>\n<meta property=\"og:type\" content=\"article\" \/>\n<meta property=\"og:title\" content=\"Projekt slajdu PowerPoint - zam\u00f3w profesjonaln\u0105 prezentacj\u0119\" \/>\n<meta property=\"og:description\" content=\"Projekt jednego slajdu PowerPoint to idealne rozwi\u0105zanie gdy chcesz, by Twoja prezentacja wy\u0142a wysokiej jako\u015bci. Zam\u00f3w profesjonalne slajdy\" \/>\n<meta property=\"og:url\" content=\"https:\/\/socjografka.pl\/sklep\/produkt\/projekt-slajdu-powerpoint\/\" \/>\n<meta property=\"og:site_name\" content=\"Socjografka: sklep on-line: szablony prezentacji i grafik\" \/>\n<meta property=\"article:modified_time\" content=\"2021-04-12T10:46:27+00:00\" \/>\n<meta property=\"og:image\" content=\"https:\/\/socjografka.pl\/sklep\/wp-content\/uploads\/2019\/05\/slajdy-szyte-na-miare-powerpoint.png\" \/>\n\t<meta property=\"og:image:width\" content=\"1200\" \/>\n\t<meta property=\"og:image:height\" content=\"1200\" \/>\n\t<meta property=\"og:image:type\" content=\"image\/png\" \/>\n<meta name=\"twitter:card\" content=\"summary_large_image\" \/>\n<meta name=\"twitter:label1\" content=\"Szacowany czas czytania\" \/>\n\t<meta name=\"twitter:data1\" content=\"3 minuty\" \/>\n<script type=\"application\/ld+json\" class=\"yoast-schema-graph\">{\"@context\":\"https:\/\/schema.org\",\"@graph\":[{\"@type\":\"WebPage\",\"@id\":\"https:\/\/socjografka.pl\/sklep\/produkt\/projekt-slajdu-powerpoint\/\",\"url\":\"https:\/\/socjografka.pl\/sklep\/produkt\/projekt-slajdu-powerpoint\/\",\"name\":\"Projekt slajdu PowerPoint - zam\u00f3w profesjonaln\u0105 prezentacj\u0119\",\"isPartOf\":{\"@id\":\"https:\/\/socjografka.pl\/sklep\/#website\"},\"primaryImageOfPage\":{\"@id\":\"https:\/\/socjografka.pl\/sklep\/produkt\/projekt-slajdu-powerpoint\/#primaryimage\"},\"image\":{\"@id\":\"https:\/\/socjografka.pl\/sklep\/produkt\/projekt-slajdu-powerpoint\/#primaryimage\"},\"thumbnailUrl\":\"https:\/\/socjografka.pl\/sklep\/wp-content\/uploads\/2019\/05\/slajdy-szyte-na-miare-powerpoint.png\",\"datePublished\":\"2019-05-17T06:56:33+00:00\",\"dateModified\":\"2021-04-12T10:46:27+00:00\",\"description\":\"Projekt jednego slajdu PowerPoint to idealne rozwi\u0105zanie gdy chcesz, by Twoja prezentacja wy\u0142a wysokiej jako\u015bci. Zam\u00f3w profesjonalne slajdy\",\"breadcrumb\":{\"@id\":\"https:\/\/socjografka.pl\/sklep\/produkt\/projekt-slajdu-powerpoint\/#breadcrumb\"},\"inLanguage\":\"pl-PL\",\"potentialAction\":[{\"@type\":\"ReadAction\",\"target\":[\"https:\/\/socjografka.pl\/sklep\/produkt\/projekt-slajdu-powerpoint\/\"]}]},{\"@type\":\"ImageObject\",\"inLanguage\":\"pl-PL\",\"@id\":\"https:\/\/socjografka.pl\/sklep\/produkt\/projekt-slajdu-powerpoint\/#primaryimage\",\"url\":\"https:\/\/socjografka.pl\/sklep\/wp-content\/uploads\/2019\/05\/slajdy-szyte-na-miare-powerpoint.png\",\"contentUrl\":\"https:\/\/socjografka.pl\/sklep\/wp-content\/uploads\/2019\/05\/slajdy-szyte-na-miare-powerpoint.png\",\"width\":1200,\"height\":1200},{\"@type\":\"BreadcrumbList\",\"@id\":\"https:\/\/socjografka.pl\/sklep\/produkt\/projekt-slajdu-powerpoint\/#breadcrumb\",\"itemListElement\":[{\"@type\":\"ListItem\",\"position\":1,\"name\":\"Strona g\u0142\u00f3wna\",\"item\":\"https:\/\/socjografka.pl\/sklep\/\"},{\"@type\":\"ListItem\",\"position\":2,\"name\":\"Sklep\",\"item\":\"https:\/\/socjografka.pl\/sklep\/sklep\/\"},{\"@type\":\"ListItem\",\"position\":3,\"name\":\"Spersonalizowany projekt slajd\u00f3w PowerPoint\"}]},{\"@type\":\"WebSite\",\"@id\":\"https:\/\/socjografka.pl\/sklep\/#website\",\"url\":\"https:\/\/socjografka.pl\/sklep\/\",\"name\":\"Socjografka: sklep on-line: szablony prezentacji i grafik\",\"description\":\"szablony i wzory prezentacji, dyplom\u00f3w, grafik do social media\",\"potentialAction\":[{\"@type\":\"SearchAction\",\"target\":{\"@type\":\"EntryPoint\",\"urlTemplate\":\"https:\/\/socjografka.pl\/sklep\/?s={search_term_string}\"},\"query-input\":{\"@type\":\"PropertyValueSpecification\",\"valueRequired\":true,\"valueName\":\"search_term_string\"}}],\"inLanguage\":\"pl-PL\"}]}<\/script>\n<!-- \/ Yoast SEO plugin. -->","yoast_head_json":{"title":"Projekt slajdu PowerPoint - zam\u00f3w profesjonaln\u0105 prezentacj\u0119","description":"Projekt jednego slajdu PowerPoint to idealne rozwi\u0105zanie gdy chcesz, by Twoja prezentacja wy\u0142a wysokiej jako\u015bci. Zam\u00f3w profesjonalne slajdy","robots":{"index":"index","follow":"follow","max-snippet":"max-snippet:-1","max-image-preview":"max-image-preview:large","max-video-preview":"max-video-preview:-1"},"canonical":"https:\/\/socjografka.pl\/sklep\/produkt\/projekt-slajdu-powerpoint\/","og_locale":"pl_PL","og_type":"article","og_title":"Projekt slajdu PowerPoint - zam\u00f3w profesjonaln\u0105 prezentacj\u0119","og_description":"Projekt jednego slajdu PowerPoint to idealne rozwi\u0105zanie gdy chcesz, by Twoja prezentacja wy\u0142a wysokiej jako\u015bci. Zam\u00f3w profesjonalne slajdy","og_url":"https:\/\/socjografka.pl\/sklep\/produkt\/projekt-slajdu-powerpoint\/","og_site_name":"Socjografka: sklep on-line: szablony prezentacji i grafik","article_modified_time":"2021-04-12T10:46:27+00:00","og_image":[{"width":1200,"height":1200,"url":"https:\/\/socjografka.pl\/sklep\/wp-content\/uploads\/2019\/05\/slajdy-szyte-na-miare-powerpoint.png","type":"image\/png"}],"twitter_card":"summary_large_image","twitter_misc":{"Szacowany czas czytania":"3 minuty"},"schema":{"@context":"https:\/\/schema.org","@graph":[{"@type":"WebPage","@id":"https:\/\/socjografka.pl\/sklep\/produkt\/projekt-slajdu-powerpoint\/","url":"https:\/\/socjografka.pl\/sklep\/produkt\/projekt-slajdu-powerpoint\/","name":"Projekt slajdu PowerPoint - zam\u00f3w profesjonaln\u0105 prezentacj\u0119","isPartOf":{"@id":"https:\/\/socjografka.pl\/sklep\/#website"},"primaryImageOfPage":{"@id":"https:\/\/socjografka.pl\/sklep\/produkt\/projekt-slajdu-powerpoint\/#primaryimage"},"image":{"@id":"https:\/\/socjografka.pl\/sklep\/produkt\/projekt-slajdu-powerpoint\/#primaryimage"},"thumbnailUrl":"https:\/\/socjografka.pl\/sklep\/wp-content\/uploads\/2019\/05\/slajdy-szyte-na-miare-powerpoint.png","datePublished":"2019-05-17T06:56:33+00:00","dateModified":"2021-04-12T10:46:27+00:00","description":"Projekt jednego slajdu PowerPoint to idealne rozwi\u0105zanie gdy chcesz, by Twoja prezentacja wy\u0142a wysokiej jako\u015bci. Zam\u00f3w profesjonalne slajdy","breadcrumb":{"@id":"https:\/\/socjografka.pl\/sklep\/produkt\/projekt-slajdu-powerpoint\/#breadcrumb"},"inLanguage":"pl-PL","potentialAction":[{"@type":"ReadAction","target":["https:\/\/socjografka.pl\/sklep\/produkt\/projekt-slajdu-powerpoint\/"]}]},{"@type":"ImageObject","inLanguage":"pl-PL","@id":"https:\/\/socjografka.pl\/sklep\/produkt\/projekt-slajdu-powerpoint\/#primaryimage","url":"https:\/\/socjografka.pl\/sklep\/wp-content\/uploads\/2019\/05\/slajdy-szyte-na-miare-powerpoint.png","contentUrl":"https:\/\/socjografka.pl\/sklep\/wp-content\/uploads\/2019\/05\/slajdy-szyte-na-miare-powerpoint.png","width":1200,"height":1200},{"@type":"BreadcrumbList","@id":"https:\/\/socjografka.pl\/sklep\/produkt\/projekt-slajdu-powerpoint\/#breadcrumb","itemListElement":[{"@type":"ListItem","position":1,"name":"Strona g\u0142\u00f3wna","item":"https:\/\/socjografka.pl\/sklep\/"},{"@type":"ListItem","position":2,"name":"Sklep","item":"https:\/\/socjografka.pl\/sklep\/sklep\/"},{"@type":"ListItem","position":3,"name":"Spersonalizowany projekt slajd\u00f3w PowerPoint"}]},{"@type":"WebSite","@id":"https:\/\/socjografka.pl\/sklep\/#website","url":"https:\/\/socjografka.pl\/sklep\/","name":"Socjografka: sklep on-line: szablony prezentacji i grafik","description":"szablony i wzory prezentacji, dyplom\u00f3w, grafik do social media","potentialAction":[{"@type":"SearchAction","target":{"@type":"EntryPoint","urlTemplate":"https:\/\/socjografka.pl\/sklep\/?s={search_term_string}"},"query-input":{"@type":"PropertyValueSpecification","valueRequired":true,"valueName":"search_term_string"}}],"inLanguage":"pl-PL"}]}},"_links":{"self":[{"href":"https:\/\/socjografka.pl\/sklep\/wp-json\/wp\/v2\/product\/1580","targetHints":{"allow":["GET"]}}],"collection":[{"href":"https:\/\/socjografka.pl\/sklep\/wp-json\/wp\/v2\/product"}],"about":[{"href":"https:\/\/socjografka.pl\/sklep\/wp-json\/wp\/v2\/types\/product"}],"replies":[{"embeddable":true,"href":"https:\/\/socjografka.pl\/sklep\/wp-json\/wp\/v2\/comments?post=1580"}],"wp:featuredmedia":[{"embeddable":true,"href":"https:\/\/socjografka.pl\/sklep\/wp-json\/wp\/v2\/media\/2039"}],"wp:attachment":[{"href":"https:\/\/socjografka.pl\/sklep\/wp-json\/wp\/v2\/media?parent=1580"}],"wp:term":[{"taxonomy":"product_brand","embeddable":true,"href":"https:\/\/socjografka.pl\/sklep\/wp-json\/wp\/v2\/product_brand?post=1580"},{"taxonomy":"product_cat","embeddable":true,"href":"https:\/\/socjografka.pl\/sklep\/wp-json\/wp\/v2\/product_cat?post=1580"},{"taxonomy":"product_tag","embeddable":true,"href":"https:\/\/socjografka.pl\/sklep\/wp-json\/wp\/v2\/product_tag?post=1580"}],"curies":[{"name":"wp","href":"https:\/\/api.w.org\/{rel}","templated":true}]}}